{"id":5890,"date":"2022-06-08T11:55:07","date_gmt":"2022-06-08T09:55:07","guid":{"rendered":"https:\/\/demex.lilyweb.fr\/produit\/brokkoli\/"},"modified":"2022-06-08T11:55:07","modified_gmt":"2022-06-08T09:55:07","slug":"brokkoli","status":"publish","type":"product","link":"https:\/\/www.demex.fr\/no\/produkt\/brokkoli\/","title":{"rendered":"Brokkoli"},"content":{"rendered":"<p><span class=\"normal\"><strong>Opprinnelse<\/strong> :<br \/>\nFrankrike, Bretagne<br \/>\n<\/span><\/p>\n<dl class=\"infos_techniques\">\n<dt><strong>Kaliber<\/strong> :<br \/>\n<label for=\"calibre73\">Stor: 600\/800g<\/label><br \/>\n <label for=\"calibre74\">Medium: 350-520g<\/label><br \/>\n<label for=\"calibre70\">St\u00f8rrelse: 14-18cm<\/label><br \/>\n<label for=\"calibre71\">St\u00f8rrelse: 8-14 cm<\/label><\/dt>\n<\/dl>\n<p><strong>Pakking<\/strong> :<br \/>\n<label for=\"emballage152\">Polystyrenboks 4\/5\/8 kg (glasert brokkoli)<\/label><br \/>\n<label for=\"emballage23\">5 kg trekasse<\/label><\/p>\n<p><span class=\"normal\"><strong>Kulinarisk aspekt<\/strong> :<br \/>\nBrokkoli er spesielt rik p\u00e5 vitamin C. Det er ogs\u00e5 en kilde til vitamin B9 (eller folsyre som er gunstig for immunsystemet), provitamin A (eller karoten) og fiber.<br \/>\nNoe forskning har vist forebyggende egenskaper mot visse kreftformer.<br \/>\n<\/span><\/p>\n<p><strong>Smaksaspekt<\/strong> :<strong><br \/>\n<\/strong>Tilbered brokkolien ved \u00e5 f\u00f8re den under rennende vann, kutt stilken og kok den kort: 5 minutter i damp for en spr\u00f8 brokkoli, 7-10 minutter i kokende saltet vann for en m\u00f8r brokkoli og 6-8 minutter i mikrob\u00f8lgeovnen for de som er i en hast.<\/p>\n","protected":false},"excerpt":{"rendered":"<p>Opprinnelse : Frankrike, Bretagne Kaliber : Stor: 600\/800g Medium: 350-520g St\u00f8rrelse: 14-18cm St\u00f8rrelse: 8-14 cm Pakking : Polystyrenboks 4\/5\/8 kg (glasert brokkoli) 5 kg trekasse Kulinarisk aspekt : Brokkoli er spesielt rik p\u00e5 vitamin C. Det er ogs\u00e5 en kilde til vitamin B9 (eller folsyre&#8230;<\/p>\n","protected":false},"featured_media":3641,"template":"","meta":[],"product_cat":[158],"product_tag":[],"class_list":["post-5890","product","type-product","status-publish","has-post-thumbnail","hentry","product_cat-gronnsaker"],"yoast_head":"<!-- This site is optimized with the Yoast SEO plugin v21.2 - https:\/\/yoast.com\/wordpress\/plugins\/seo\/ -->\n<title>Brokkoli, eksport til verdensmarkedet  | DEMEX<\/title>\n<meta name=\"robots\" content=\"index, follow, max-snippet:-1, max-image-preview:large, max-video-preview:-1\" \/>\n<link rel=\"canonical\" href=\"https:\/\/www.demex.fr\/no\/produkt\/brokkoli\/\" \/>\n<meta property=\"og:locale\" content=\"nb_NO\" \/>\n<meta property=\"og:type\" content=\"article\" \/>\n<meta property=\"og:title\" content=\"Brokkoli, eksport til verdensmarkedet  | DEMEX\" \/>\n<meta property=\"og:description\" content=\"Opprinnelse : Frankrike, Bretagne Kaliber : Stor: 600\/800g Medium: 350-520g St\u00f8rrelse: 14-18cm St\u00f8rrelse: 8-14 cm Pakking : Polystyrenboks 4\/5\/8 kg (glasert brokkoli) 5 kg trekasse Kulinarisk aspekt : Brokkoli er spesielt rik p\u00e5 vitamin C. Det er ogs\u00e5 en kilde til vitamin B9 (eller folsyre...\" \/>\n<meta property=\"og:url\" content=\"https:\/\/www.demex.fr\/no\/produkt\/brokkoli\/\" \/>\n<meta property=\"og:site_name\" content=\"DEMEX\" \/>\n<meta property=\"article:publisher\" content=\"https:\/\/fr-fr.facebook.com\/people\/DEMEX-Potatoes-Vegetables\/100071674261658\/\" \/>\n<meta property=\"og:image\" content=\"https:\/\/www.demex.fr\/wp-content\/uploads\/2022\/06\/brocolis.jpg\" \/>\n\t<meta property=\"og:image:width\" content=\"600\" \/>\n\t<meta property=\"og:image:height\" content=\"600\" \/>\n\t<meta property=\"og:image:type\" content=\"image\/jpeg\" \/>\n<meta name=\"twitter:card\" content=\"summary_large_image\" \/>\n<meta name=\"twitter:label1\" content=\"Ansl. lesetid\" \/>\n\t<meta name=\"twitter:data1\" content=\"1 minutt\" \/>\n<script type=\"application\/ld+json\" class=\"yoast-schema-graph\">{\"@context\":\"https:\/\/schema.org\",\"@graph\":[{\"@type\":\"WebPage\",\"@id\":\"https:\/\/www.demex.fr\/no\/produkt\/brokkoli\/\",\"url\":\"https:\/\/www.demex.fr\/no\/produkt\/brokkoli\/\",\"name\":\"Brokkoli, eksport til verdensmarkedet | DEMEX\",\"isPartOf\":{\"@id\":\"https:\/\/www.demex.fr\/no\/#website\"},\"datePublished\":\"2022-06-08T09:55:07+00:00\",\"dateModified\":\"2022-06-08T09:55:07+00:00\",\"breadcrumb\":{\"@id\":\"https:\/\/www.demex.fr\/no\/produkt\/brokkoli\/#breadcrumb\"},\"inLanguage\":\"nb-NO\",\"potentialAction\":[{\"@type\":\"ReadAction\",\"target\":[\"https:\/\/www.demex.fr\/no\/produkt\/brokkoli\/\"]}]},{\"@type\":\"BreadcrumbList\",\"@id\":\"https:\/\/www.demex.fr\/no\/produkt\/brokkoli\/#breadcrumb\",\"itemListElement\":[{\"@type\":\"ListItem\",\"position\":1,\"name\":\"Accueil\",\"item\":\"https:\/\/www.demex.fr\/no\/\"},{\"@type\":\"ListItem\",\"position\":2,\"name\":\"V\u00e5re produkter\",\"item\":\"https:\/\/www.demex.fr\/no\/vare-produkter\/\"},{\"@type\":\"ListItem\",\"position\":3,\"name\":\"Brokkoli\"}]},{\"@type\":\"WebSite\",\"@id\":\"https:\/\/www.demex.fr\/no\/#website\",\"url\":\"https:\/\/www.demex.fr\/no\/\",\"name\":\"DEMEX\",\"description\":\"N\u00e9goce-Conditionneur en Pommes de terre\",\"publisher\":{\"@id\":\"https:\/\/www.demex.fr\/no\/#organization\"},\"potentialAction\":[{\"@type\":\"SearchAction\",\"target\":{\"@type\":\"EntryPoint\",\"urlTemplate\":\"https:\/\/www.demex.fr\/no\/?s={search_term_string}\"},\"query-input\":\"required name=search_term_string\"}],\"inLanguage\":\"nb-NO\"},{\"@type\":\"Organization\",\"@id\":\"https:\/\/www.demex.fr\/no\/#organization\",\"name\":\"DEMEX\",\"url\":\"https:\/\/www.demex.fr\/no\/\",\"logo\":{\"@type\":\"ImageObject\",\"inLanguage\":\"nb-NO\",\"@id\":\"https:\/\/www.demex.fr\/no\/#\/schema\/logo\/image\/\",\"url\":\"https:\/\/demex.lilyweb.fr\/wp-content\/uploads\/2022\/02\/logo-Demex.png\",\"contentUrl\":\"https:\/\/demex.lilyweb.fr\/wp-content\/uploads\/2022\/02\/logo-Demex.png\",\"width\":145,\"height\":63,\"caption\":\"DEMEX\"},\"image\":{\"@id\":\"https:\/\/www.demex.fr\/no\/#\/schema\/logo\/image\/\"},\"sameAs\":[\"https:\/\/fr-fr.facebook.com\/people\/DEMEX-Potatoes-Vegetables\/100071674261658\/\"]}]}<\/script>\n<!-- \/ Yoast SEO plugin. -->","yoast_head_json":{"title":"Brokkoli, eksport til verdensmarkedet  | DEMEX","robots":{"index":"index","follow":"follow","max-snippet":"max-snippet:-1","max-image-preview":"max-image-preview:large","max-video-preview":"max-video-preview:-1"},"canonical":"https:\/\/www.demex.fr\/no\/produkt\/brokkoli\/","og_locale":"nb_NO","og_type":"article","og_title":"Brokkoli, eksport til verdensmarkedet  | DEMEX","og_description":"Opprinnelse : Frankrike, Bretagne Kaliber : Stor: 600\/800g Medium: 350-520g St\u00f8rrelse: 14-18cm St\u00f8rrelse: 8-14 cm Pakking : Polystyrenboks 4\/5\/8 kg (glasert brokkoli) 5 kg trekasse Kulinarisk aspekt : Brokkoli er spesielt rik p\u00e5 vitamin C. Det er ogs\u00e5 en kilde til vitamin B9 (eller folsyre...","og_url":"https:\/\/www.demex.fr\/no\/produkt\/brokkoli\/","og_site_name":"DEMEX","article_publisher":"https:\/\/fr-fr.facebook.com\/people\/DEMEX-Potatoes-Vegetables\/100071674261658\/","og_image":[{"width":600,"height":600,"url":"https:\/\/www.demex.fr\/wp-content\/uploads\/2022\/06\/brocolis.jpg","type":"image\/jpeg"}],"twitter_card":"summary_large_image","twitter_misc":{"Ansl. lesetid":"1 minutt"},"schema":{"@context":"https:\/\/schema.org","@graph":[{"@type":"WebPage","@id":"https:\/\/www.demex.fr\/no\/produkt\/brokkoli\/","url":"https:\/\/www.demex.fr\/no\/produkt\/brokkoli\/","name":"Brokkoli, eksport til verdensmarkedet | DEMEX","isPartOf":{"@id":"https:\/\/www.demex.fr\/no\/#website"},"datePublished":"2022-06-08T09:55:07+00:00","dateModified":"2022-06-08T09:55:07+00:00","breadcrumb":{"@id":"https:\/\/www.demex.fr\/no\/produkt\/brokkoli\/#breadcrumb"},"inLanguage":"nb-NO","potentialAction":[{"@type":"ReadAction","target":["https:\/\/www.demex.fr\/no\/produkt\/brokkoli\/"]}]},{"@type":"BreadcrumbList","@id":"https:\/\/www.demex.fr\/no\/produkt\/brokkoli\/#breadcrumb","itemListElement":[{"@type":"ListItem","position":1,"name":"Accueil","item":"https:\/\/www.demex.fr\/no\/"},{"@type":"ListItem","position":2,"name":"V\u00e5re produkter","item":"https:\/\/www.demex.fr\/no\/vare-produkter\/"},{"@type":"ListItem","position":3,"name":"Brokkoli"}]},{"@type":"WebSite","@id":"https:\/\/www.demex.fr\/no\/#website","url":"https:\/\/www.demex.fr\/no\/","name":"DEMEX","description":"N\u00e9goce-Conditionneur en Pommes de terre","publisher":{"@id":"https:\/\/www.demex.fr\/no\/#organization"},"potentialAction":[{"@type":"SearchAction","target":{"@type":"EntryPoint","urlTemplate":"https:\/\/www.demex.fr\/no\/?s={search_term_string}"},"query-input":"required name=search_term_string"}],"inLanguage":"nb-NO"},{"@type":"Organization","@id":"https:\/\/www.demex.fr\/no\/#organization","name":"DEMEX","url":"https:\/\/www.demex.fr\/no\/","logo":{"@type":"ImageObject","inLanguage":"nb-NO","@id":"https:\/\/www.demex.fr\/no\/#\/schema\/logo\/image\/","url":"https:\/\/demex.lilyweb.fr\/wp-content\/uploads\/2022\/02\/logo-Demex.png","contentUrl":"https:\/\/demex.lilyweb.fr\/wp-content\/uploads\/2022\/02\/logo-Demex.png","width":145,"height":63,"caption":"DEMEX"},"image":{"@id":"https:\/\/www.demex.fr\/no\/#\/schema\/logo\/image\/"},"sameAs":["https:\/\/fr-fr.facebook.com\/people\/DEMEX-Potatoes-Vegetables\/100071674261658\/"]}]}},"_links":{"self":[{"href":"https:\/\/www.demex.fr\/no\/wp-json\/wp\/v2\/product\/5890","targetHints":{"allow":["GET"]}}],"collection":[{"href":"https:\/\/www.demex.fr\/no\/wp-json\/wp\/v2\/product"}],"about":[{"href":"https:\/\/www.demex.fr\/no\/wp-json\/wp\/v2\/types\/product"}],"wp:featuredmedia":[{"embeddable":true,"href":"https:\/\/www.demex.fr\/no\/wp-json\/wp\/v2\/media\/3641"}],"wp:attachment":[{"href":"https:\/\/www.demex.fr\/no\/wp-json\/wp\/v2\/media?parent=5890"}],"wp:term":[{"taxonomy":"product_cat","embeddable":true,"href":"https:\/\/www.demex.fr\/no\/wp-json\/wp\/v2\/product_cat?post=5890"},{"taxonomy":"product_tag","embeddable":true,"href":"https:\/\/www.demex.fr\/no\/wp-json\/wp\/v2\/product_tag?post=5890"}],"curies":[{"name":"wp","href":"https:\/\/api.w.org\/{rel}","templated":true}]}}

<p><span class="normal"><strong>Opprinnelse</strong> :<br />
Frankrike, Bretagne<br />
</span></p>
<dl class="infos_techniques">
<dt><strong>Kaliber</strong> :<br />
<label for="calibre73">Stor: 600/800g</label><br />
 <label for="calibre74">Medium: 350-520g</label><br />
<label for="calibre70">Størrelse: 14-18cm</label><br />
<label for="calibre71">Størrelse: 8-14 cm</label></dt>
</dl>
<p><strong>Pakking</strong> :<br />
<label for="emballage152">Polystyrenboks 4/5/8 kg (glasert brokkoli)</label><br />
<label for="emballage23">5 kg trekasse</label></p>
<p><span class="normal"><strong>Kulinarisk aspekt</strong> :<br />
Brokkoli er spesielt rik på vitamin C. Det er også en kilde til vitamin B9 (eller folsyre som er gunstig for immunsystemet), provitamin A (eller karoten) og fiber.<br />
Noe forskning har vist forebyggende egenskaper mot visse kreftformer.<br />
</span></p>
<p><strong>Smaksaspekt</strong> :<strong><br />
</strong>Tilbered brokkolien ved å føre den under rennende vann, kutt stilken og kok den kort: 5 minutter i damp for en sprø brokkoli, 7-10 minutter i kokende saltet vann for en mør brokkoli og 6-8 minutter i mikrobølgeovnen for de som er i en hast.</p>

<p>Opprinnelse : Frankrike, Bretagne Kaliber : Stor: 600/800g Medium: 350-520g Størrelse: 14-18cm Størrelse: 8-14 cm Pakking : Polystyrenboks 4/5/8 kg (glasert brokkoli) 5 kg trekasse Kulinarisk aspekt : Brokkoli er spesielt rik på vitamin C. Det er også en kilde til vitamin B9 (eller folsyre&#8230;</p>

<!-- This site is optimized with the Yoast SEO plugin v21.2 - https://yoast.com/wordpress/plugins/seo/ -->
<title>Brokkoli, eksport til verdensmarkedet  | DEMEX</title>
<meta name="robots" content="index, follow, max-snippet:-1, max-image-preview:large, max-video-preview:-1" />
<link rel="canonical" href="https://www.demex.fr/no/produkt/brokkoli/" />
<meta property="og:locale" content="nb_NO" />
<meta property="og:type" content="article" />
<meta property="og:title" content="Brokkoli, eksport til verdensmarkedet  | DEMEX" />
<meta property="og:description" content="Opprinnelse : Frankrike, Bretagne Kaliber : Stor: 600/800g Medium: 350-520g Størrelse: 14-18cm Størrelse: 8-14 cm Pakking : Polystyrenboks 4/5/8 kg (glasert brokkoli) 5 kg trekasse Kulinarisk aspekt : Brokkoli er spesielt rik på vitamin C. Det er også en kilde til vitamin B9 (eller folsyre..." />
<meta property="og:url" content="https://www.demex.fr/no/produkt/brokkoli/" />
<meta property="og:site_name" content="DEMEX" />
<meta property="article:publisher" content="https://fr-fr.facebook.com/people/DEMEX-Potatoes-Vegetables/100071674261658/" />
<meta property="og:image" content="https://www.demex.fr/wp-content/uploads/2022/06/brocolis.jpg" />
	<meta property="og:image:width" content="600" />
	<meta property="og:image:height" content="600" />
	<meta property="og:image:type" content="image/jpeg" />
<meta name="twitter:card" content="summary_large_image" />
<meta name="twitter:label1" content="Ansl. lesetid" />
	<meta name="twitter:data1" content="1 minutt" />
<script type="application/ld+json" class="yoast-schema-graph">{"@context":"https://schema.org","@graph":[{"@type":"WebPage","@id":"https://www.demex.fr/no/produkt/brokkoli/","url":"https://www.demex.fr/no/produkt/brokkoli/","name":"Brokkoli, eksport til verdensmarkedet | DEMEX","isPartOf":{"@id":"https://www.demex.fr/no/#website"},"datePublished":"2022-06-08T09:55:07+00:00","dateModified":"2022-06-08T09:55:07+00:00","breadcrumb":{"@id":"https://www.demex.fr/no/produkt/brokkoli/#breadcrumb"},"inLanguage":"nb-NO","potentialAction":[{"@type":"ReadAction","target":["https://www.demex.fr/no/produkt/brokkoli/"]}]},{"@type":"BreadcrumbList","@id":"https://www.demex.fr/no/produkt/brokkoli/#breadcrumb","itemListElement":[{"@type":"ListItem","position":1,"name":"Accueil","item":"https://www.demex.fr/no/"},{"@type":"ListItem","position":2,"name":"Våre produkter","item":"https://www.demex.fr/no/vare-produkter/"},{"@type":"ListItem","position":3,"name":"Brokkoli"}]},{"@type":"WebSite","@id":"https://www.demex.fr/no/#website","url":"https://www.demex.fr/no/","name":"DEMEX","description":"Négoce-Conditionneur en Pommes de terre","publisher":{"@id":"https://www.demex.fr/no/#organization"},"potentialAction":[{"@type":"SearchAction","target":{"@type":"EntryPoint","urlTemplate":"https://www.demex.fr/no/?s={search_term_string}"},"query-input":"required name=search_term_string"}],"inLanguage":"nb-NO"},{"@type":"Organization","@id":"https://www.demex.fr/no/#organization","name":"DEMEX","url":"https://www.demex.fr/no/","logo":{"@type":"ImageObject","inLanguage":"nb-NO","@id":"https://www.demex.fr/no/#/schema/logo/image/","url":"https://demex.lilyweb.fr/wp-content/uploads/2022/02/logo-Demex.png","contentUrl":"https://demex.lilyweb.fr/wp-content/uploads/2022/02/logo-Demex.png","width":145,"height":63,"caption":"DEMEX"},"image":{"@id":"https://www.demex.fr/no/#/schema/logo/image/"},"sameAs":["https://fr-fr.facebook.com/people/DEMEX-Potatoes-Vegetables/100071674261658/"]}]}</script>
<!-- / Yoast SEO plugin. -->

Opprinnelse : Frankrike, Bretagne Kaliber : Stor: 600/800g Medium: 350-520g Størrelse: 14-18cm Størrelse: 8-14 cm Pakking : Polystyrenboks 4/5/8 kg (glasert brokkoli) 5 kg trekasse Kulinarisk aspekt : Brokkoli er spesielt rik på vitamin C. Det er også en kilde til vitamin B9 (eller folsyre...

Våre produkter

Négoce-Conditionneur en Pommes de terre
