{"id":5896,"date":"2022-06-08T11:55:07","date_gmt":"2022-06-08T09:55:07","guid":{"rendered":"https:\/\/demex.lilyweb.fr\/produit\/spargelkapsas\/"},"modified":"2022-06-08T11:55:07","modified_gmt":"2022-06-08T09:55:07","slug":"spargelkapsas","status":"publish","type":"product","link":"https:\/\/www.demex.fr\/et\/toode\/spargelkapsas\/","title":{"rendered":"Spargelkapsas"},"content":{"rendered":"<p><span class=\"normal\"><strong>P\u00e4ritolu<\/strong> :<br \/>\nPrantsusmaa, Bretagne<br \/>\n<\/span><\/p>\n<dl class=\"infos_techniques\">\n<dt><strong>Kaliiber<\/strong> :<br \/>\n<label for=\"calibre73\">Hulgim\u00fc\u00fck: 600\/800g<br \/>\n<\/label> <label for=\"calibre74\">Keskmine: 350-520g<\/label><br \/>\n<label for=\"calibre70\">Suurus: 14-18cm<\/label><br \/>\n<label for=\"calibre71\">Suurus: 8-14cm<\/label><\/dt>\n<\/dl>\n<p><strong>Pakend<\/strong> :<br \/>\n<label for=\"emballage152\">Pol\u00fcst\u00fcreenist pakend 4\/5\/8 kg (glasuuritud brokkoli)<\/label><br \/>\n<label for=\"emballage23\">Puidust kast 5 kg<\/label><\/p>\n<p><span class=\"normal\"><strong>Kulinaarne aspekt<\/strong> :<br \/>\nBrokkoli on eriti rikas C-vitamiini poolest. See on ka B9-vitamiini (v\u00f5i immuuns\u00f5braliku foolhappe), A-provitamiini (v\u00f5i karotiini) ja kiudainete allikas.<br \/>\nM\u00f5ned uuringud on n\u00e4idanud ennetavaid omadusi teatud v\u00e4hivormide vastu.<br \/>\n<\/span><\/p>\n<p><strong>Maitse aspekt<\/strong> :<strong><br \/>\n<\/strong>Valmistage brokkoli vee all, l\u00f5igake selle vars ja keetke see l\u00fchidalt: 5 minutit aurutatud kr\u00f5mpsuva brokkoli jaoks, 7-10 minutit keevas soolases vees brokkoli sulatamiseks ja 6-8 minutit mikrolaineahjus neile, kes kiirustavad.<\/p>\n","protected":false},"excerpt":{"rendered":"<p>P\u00e4ritolu : Prantsusmaa, Bretagne Kaliiber : Hulgim\u00fc\u00fck: 600\/800g Keskmine: 350-520g Suurus: 14-18cm Suurus: 8-14cm Pakend : Pol\u00fcst\u00fcreenist pakend 4\/5\/8 kg (glasuuritud brokkoli) Puidust kast 5 kg Kulinaarne aspekt : Brokkoli on eriti rikas C-vitamiini poolest. See on ka B9-vitamiini (v\u00f5i immuuns\u00f5braliku foolhappe), A-provitamiini (v\u00f5i karotiini)&#8230;<\/p>\n","protected":false},"featured_media":3631,"template":"","meta":[],"product_cat":[150],"product_tag":[],"class_list":["post-5896","product","type-product","status-publish","has-post-thumbnail","hentry","product_cat-koogiviljad"],"yoast_head":"<!-- This site is optimized with the Yoast SEO plugin v21.2 - https:\/\/yoast.com\/wordpress\/plugins\/seo\/ -->\n<title>Spargelkapsas, eksportida maailmaturule | DEMEX<\/title>\n<meta name=\"robots\" content=\"index, follow, max-snippet:-1, max-image-preview:large, max-video-preview:-1\" \/>\n<link rel=\"canonical\" href=\"https:\/\/www.demex.fr\/et\/toode\/spargelkapsas\/\" \/>\n<meta property=\"og:locale\" content=\"et_EE\" \/>\n<meta property=\"og:type\" content=\"article\" \/>\n<meta property=\"og:title\" content=\"Spargelkapsas, eksportida maailmaturule | DEMEX\" \/>\n<meta property=\"og:description\" content=\"P\u00e4ritolu : Prantsusmaa, Bretagne Kaliiber : Hulgim\u00fc\u00fck: 600\/800g Keskmine: 350-520g Suurus: 14-18cm Suurus: 8-14cm Pakend : Pol\u00fcst\u00fcreenist pakend 4\/5\/8 kg (glasuuritud brokkoli) Puidust kast 5 kg Kulinaarne aspekt : Brokkoli on eriti rikas C-vitamiini poolest. See on ka B9-vitamiini (v\u00f5i immuuns\u00f5braliku foolhappe), A-provitamiini (v\u00f5i karotiini)...\" \/>\n<meta property=\"og:url\" content=\"https:\/\/www.demex.fr\/et\/toode\/spargelkapsas\/\" \/>\n<meta property=\"og:site_name\" content=\"DEMEX\" \/>\n<meta property=\"article:publisher\" content=\"https:\/\/fr-fr.facebook.com\/people\/DEMEX-Potatoes-Vegetables\/100071674261658\/\" \/>\n<meta property=\"og:image\" content=\"https:\/\/www.demex.fr\/wp-content\/uploads\/2022\/06\/brocolis.jpg\" \/>\n\t<meta property=\"og:image:width\" content=\"600\" \/>\n\t<meta property=\"og:image:height\" content=\"600\" \/>\n\t<meta property=\"og:image:type\" content=\"image\/jpeg\" \/>\n<meta name=\"twitter:card\" content=\"summary_large_image\" \/>\n<meta name=\"twitter:label1\" content=\"Est. reading time\" \/>\n\t<meta name=\"twitter:data1\" content=\"1 minut\" \/>\n<script type=\"application\/ld+json\" class=\"yoast-schema-graph\">{\"@context\":\"https:\/\/schema.org\",\"@graph\":[{\"@type\":\"WebPage\",\"@id\":\"https:\/\/www.demex.fr\/et\/toode\/spargelkapsas\/\",\"url\":\"https:\/\/www.demex.fr\/et\/toode\/spargelkapsas\/\",\"name\":\"Spargelkapsas, eksportida maailmaturule | DEMEX\",\"isPartOf\":{\"@id\":\"https:\/\/www.demex.fr\/et\/#website\"},\"datePublished\":\"2022-06-08T09:55:07+00:00\",\"dateModified\":\"2022-06-08T09:55:07+00:00\",\"breadcrumb\":{\"@id\":\"https:\/\/www.demex.fr\/et\/toode\/spargelkapsas\/#breadcrumb\"},\"inLanguage\":\"et\",\"potentialAction\":[{\"@type\":\"ReadAction\",\"target\":[\"https:\/\/www.demex.fr\/et\/toode\/spargelkapsas\/\"]}]},{\"@type\":\"BreadcrumbList\",\"@id\":\"https:\/\/www.demex.fr\/et\/toode\/spargelkapsas\/#breadcrumb\",\"itemListElement\":[{\"@type\":\"ListItem\",\"position\":1,\"name\":\"Accueil\",\"item\":\"https:\/\/www.demex.fr\/et\/\"},{\"@type\":\"ListItem\",\"position\":2,\"name\":\"Meie tooted\",\"item\":\"https:\/\/www.demex.fr\/et\/meie-tooted\/\"},{\"@type\":\"ListItem\",\"position\":3,\"name\":\"Spargelkapsas\"}]},{\"@type\":\"WebSite\",\"@id\":\"https:\/\/www.demex.fr\/et\/#website\",\"url\":\"https:\/\/www.demex.fr\/et\/\",\"name\":\"DEMEX\",\"description\":\"N\u00e9goce-Conditionneur en Pommes de terre\",\"publisher\":{\"@id\":\"https:\/\/www.demex.fr\/et\/#organization\"},\"potentialAction\":[{\"@type\":\"SearchAction\",\"target\":{\"@type\":\"EntryPoint\",\"urlTemplate\":\"https:\/\/www.demex.fr\/et\/?s={search_term_string}\"},\"query-input\":\"required name=search_term_string\"}],\"inLanguage\":\"et\"},{\"@type\":\"Organization\",\"@id\":\"https:\/\/www.demex.fr\/et\/#organization\",\"name\":\"DEMEX\",\"url\":\"https:\/\/www.demex.fr\/et\/\",\"logo\":{\"@type\":\"ImageObject\",\"inLanguage\":\"et\",\"@id\":\"https:\/\/www.demex.fr\/et\/#\/schema\/logo\/image\/\",\"url\":\"https:\/\/demex.lilyweb.fr\/wp-content\/uploads\/2022\/02\/logo-Demex.png\",\"contentUrl\":\"https:\/\/demex.lilyweb.fr\/wp-content\/uploads\/2022\/02\/logo-Demex.png\",\"width\":145,\"height\":63,\"caption\":\"DEMEX\"},\"image\":{\"@id\":\"https:\/\/www.demex.fr\/et\/#\/schema\/logo\/image\/\"},\"sameAs\":[\"https:\/\/fr-fr.facebook.com\/people\/DEMEX-Potatoes-Vegetables\/100071674261658\/\"]}]}<\/script>\n<!-- \/ Yoast SEO plugin. -->","yoast_head_json":{"title":"Spargelkapsas, eksportida maailmaturule | DEMEX","robots":{"index":"index","follow":"follow","max-snippet":"max-snippet:-1","max-image-preview":"max-image-preview:large","max-video-preview":"max-video-preview:-1"},"canonical":"https:\/\/www.demex.fr\/et\/toode\/spargelkapsas\/","og_locale":"et_EE","og_type":"article","og_title":"Spargelkapsas, eksportida maailmaturule | DEMEX","og_description":"P\u00e4ritolu : Prantsusmaa, Bretagne Kaliiber : Hulgim\u00fc\u00fck: 600\/800g Keskmine: 350-520g Suurus: 14-18cm Suurus: 8-14cm Pakend : Pol\u00fcst\u00fcreenist pakend 4\/5\/8 kg (glasuuritud brokkoli) Puidust kast 5 kg Kulinaarne aspekt : Brokkoli on eriti rikas C-vitamiini poolest. See on ka B9-vitamiini (v\u00f5i immuuns\u00f5braliku foolhappe), A-provitamiini (v\u00f5i karotiini)...","og_url":"https:\/\/www.demex.fr\/et\/toode\/spargelkapsas\/","og_site_name":"DEMEX","article_publisher":"https:\/\/fr-fr.facebook.com\/people\/DEMEX-Potatoes-Vegetables\/100071674261658\/","og_image":[{"width":600,"height":600,"url":"https:\/\/www.demex.fr\/wp-content\/uploads\/2022\/06\/brocolis.jpg","type":"image\/jpeg"}],"twitter_card":"summary_large_image","twitter_misc":{"Est. reading time":"1 minut"},"schema":{"@context":"https:\/\/schema.org","@graph":[{"@type":"WebPage","@id":"https:\/\/www.demex.fr\/et\/toode\/spargelkapsas\/","url":"https:\/\/www.demex.fr\/et\/toode\/spargelkapsas\/","name":"Spargelkapsas, eksportida maailmaturule | DEMEX","isPartOf":{"@id":"https:\/\/www.demex.fr\/et\/#website"},"datePublished":"2022-06-08T09:55:07+00:00","dateModified":"2022-06-08T09:55:07+00:00","breadcrumb":{"@id":"https:\/\/www.demex.fr\/et\/toode\/spargelkapsas\/#breadcrumb"},"inLanguage":"et","potentialAction":[{"@type":"ReadAction","target":["https:\/\/www.demex.fr\/et\/toode\/spargelkapsas\/"]}]},{"@type":"BreadcrumbList","@id":"https:\/\/www.demex.fr\/et\/toode\/spargelkapsas\/#breadcrumb","itemListElement":[{"@type":"ListItem","position":1,"name":"Accueil","item":"https:\/\/www.demex.fr\/et\/"},{"@type":"ListItem","position":2,"name":"Meie tooted","item":"https:\/\/www.demex.fr\/et\/meie-tooted\/"},{"@type":"ListItem","position":3,"name":"Spargelkapsas"}]},{"@type":"WebSite","@id":"https:\/\/www.demex.fr\/et\/#website","url":"https:\/\/www.demex.fr\/et\/","name":"DEMEX","description":"N\u00e9goce-Conditionneur en Pommes de terre","publisher":{"@id":"https:\/\/www.demex.fr\/et\/#organization"},"potentialAction":[{"@type":"SearchAction","target":{"@type":"EntryPoint","urlTemplate":"https:\/\/www.demex.fr\/et\/?s={search_term_string}"},"query-input":"required name=search_term_string"}],"inLanguage":"et"},{"@type":"Organization","@id":"https:\/\/www.demex.fr\/et\/#organization","name":"DEMEX","url":"https:\/\/www.demex.fr\/et\/","logo":{"@type":"ImageObject","inLanguage":"et","@id":"https:\/\/www.demex.fr\/et\/#\/schema\/logo\/image\/","url":"https:\/\/demex.lilyweb.fr\/wp-content\/uploads\/2022\/02\/logo-Demex.png","contentUrl":"https:\/\/demex.lilyweb.fr\/wp-content\/uploads\/2022\/02\/logo-Demex.png","width":145,"height":63,"caption":"DEMEX"},"image":{"@id":"https:\/\/www.demex.fr\/et\/#\/schema\/logo\/image\/"},"sameAs":["https:\/\/fr-fr.facebook.com\/people\/DEMEX-Potatoes-Vegetables\/100071674261658\/"]}]}},"_links":{"self":[{"href":"https:\/\/www.demex.fr\/et\/wp-json\/wp\/v2\/product\/5896","targetHints":{"allow":["GET"]}}],"collection":[{"href":"https:\/\/www.demex.fr\/et\/wp-json\/wp\/v2\/product"}],"about":[{"href":"https:\/\/www.demex.fr\/et\/wp-json\/wp\/v2\/types\/product"}],"wp:featuredmedia":[{"embeddable":true,"href":"https:\/\/www.demex.fr\/et\/wp-json\/wp\/v2\/media\/3631"}],"wp:attachment":[{"href":"https:\/\/www.demex.fr\/et\/wp-json\/wp\/v2\/media?parent=5896"}],"wp:term":[{"taxonomy":"product_cat","embeddable":true,"href":"https:\/\/www.demex.fr\/et\/wp-json\/wp\/v2\/product_cat?post=5896"},{"taxonomy":"product_tag","embeddable":true,"href":"https:\/\/www.demex.fr\/et\/wp-json\/wp\/v2\/product_tag?post=5896"}],"curies":[{"name":"wp","href":"https:\/\/api.w.org\/{rel}","templated":true}]}}

<p><span class="normal"><strong>Päritolu</strong> :<br />
Prantsusmaa, Bretagne<br />
</span></p>
<dl class="infos_techniques">
<dt><strong>Kaliiber</strong> :<br />
<label for="calibre73">Hulgimüük: 600/800g<br />
</label> <label for="calibre74">Keskmine: 350-520g</label><br />
<label for="calibre70">Suurus: 14-18cm</label><br />
<label for="calibre71">Suurus: 8-14cm</label></dt>
</dl>
<p><strong>Pakend</strong> :<br />
<label for="emballage152">Polüstüreenist pakend 4/5/8 kg (glasuuritud brokkoli)</label><br />
<label for="emballage23">Puidust kast 5 kg</label></p>
<p><span class="normal"><strong>Kulinaarne aspekt</strong> :<br />
Brokkoli on eriti rikas C-vitamiini poolest. See on ka B9-vitamiini (või immuunsõbraliku foolhappe), A-provitamiini (või karotiini) ja kiudainete allikas.<br />
Mõned uuringud on näidanud ennetavaid omadusi teatud vähivormide vastu.<br />
</span></p>
<p><strong>Maitse aspekt</strong> :<strong><br />
</strong>Valmistage brokkoli vee all, lõigake selle vars ja keetke see lühidalt: 5 minutit aurutatud krõmpsuva brokkoli jaoks, 7-10 minutit keevas soolases vees brokkoli sulatamiseks ja 6-8 minutit mikrolaineahjus neile, kes kiirustavad.</p>

<p>Päritolu : Prantsusmaa, Bretagne Kaliiber : Hulgimüük: 600/800g Keskmine: 350-520g Suurus: 14-18cm Suurus: 8-14cm Pakend : Polüstüreenist pakend 4/5/8 kg (glasuuritud brokkoli) Puidust kast 5 kg Kulinaarne aspekt : Brokkoli on eriti rikas C-vitamiini poolest. See on ka B9-vitamiini (või immuunsõbraliku foolhappe), A-provitamiini (või karotiini)&#8230;</p>

<!-- This site is optimized with the Yoast SEO plugin v21.2 - https://yoast.com/wordpress/plugins/seo/ -->
<title>Spargelkapsas, eksportida maailmaturule | DEMEX</title>
<meta name="robots" content="index, follow, max-snippet:-1, max-image-preview:large, max-video-preview:-1" />
<link rel="canonical" href="https://www.demex.fr/et/toode/spargelkapsas/" />
<meta property="og:locale" content="et_EE" />
<meta property="og:type" content="article" />
<meta property="og:title" content="Spargelkapsas, eksportida maailmaturule | DEMEX" />
<meta property="og:description" content="Päritolu : Prantsusmaa, Bretagne Kaliiber : Hulgimüük: 600/800g Keskmine: 350-520g Suurus: 14-18cm Suurus: 8-14cm Pakend : Polüstüreenist pakend 4/5/8 kg (glasuuritud brokkoli) Puidust kast 5 kg Kulinaarne aspekt : Brokkoli on eriti rikas C-vitamiini poolest. See on ka B9-vitamiini (või immuunsõbraliku foolhappe), A-provitamiini (või karotiini)..." />
<meta property="og:url" content="https://www.demex.fr/et/toode/spargelkapsas/" />
<meta property="og:site_name" content="DEMEX" />
<meta property="article:publisher" content="https://fr-fr.facebook.com/people/DEMEX-Potatoes-Vegetables/100071674261658/" />
<meta property="og:image" content="https://www.demex.fr/wp-content/uploads/2022/06/brocolis.jpg" />
	<meta property="og:image:width" content="600" />
	<meta property="og:image:height" content="600" />
	<meta property="og:image:type" content="image/jpeg" />
<meta name="twitter:card" content="summary_large_image" />
<meta name="twitter:label1" content="Est. reading time" />
	<meta name="twitter:data1" content="1 minut" />
<script type="application/ld+json" class="yoast-schema-graph">{"@context":"https://schema.org","@graph":[{"@type":"WebPage","@id":"https://www.demex.fr/et/toode/spargelkapsas/","url":"https://www.demex.fr/et/toode/spargelkapsas/","name":"Spargelkapsas, eksportida maailmaturule | DEMEX","isPartOf":{"@id":"https://www.demex.fr/et/#website"},"datePublished":"2022-06-08T09:55:07+00:00","dateModified":"2022-06-08T09:55:07+00:00","breadcrumb":{"@id":"https://www.demex.fr/et/toode/spargelkapsas/#breadcrumb"},"inLanguage":"et","potentialAction":[{"@type":"ReadAction","target":["https://www.demex.fr/et/toode/spargelkapsas/"]}]},{"@type":"BreadcrumbList","@id":"https://www.demex.fr/et/toode/spargelkapsas/#breadcrumb","itemListElement":[{"@type":"ListItem","position":1,"name":"Accueil","item":"https://www.demex.fr/et/"},{"@type":"ListItem","position":2,"name":"Meie tooted","item":"https://www.demex.fr/et/meie-tooted/"},{"@type":"ListItem","position":3,"name":"Spargelkapsas"}]},{"@type":"WebSite","@id":"https://www.demex.fr/et/#website","url":"https://www.demex.fr/et/","name":"DEMEX","description":"Négoce-Conditionneur en Pommes de terre","publisher":{"@id":"https://www.demex.fr/et/#organization"},"potentialAction":[{"@type":"SearchAction","target":{"@type":"EntryPoint","urlTemplate":"https://www.demex.fr/et/?s={search_term_string}"},"query-input":"required name=search_term_string"}],"inLanguage":"et"},{"@type":"Organization","@id":"https://www.demex.fr/et/#organization","name":"DEMEX","url":"https://www.demex.fr/et/","logo":{"@type":"ImageObject","inLanguage":"et","@id":"https://www.demex.fr/et/#/schema/logo/image/","url":"https://demex.lilyweb.fr/wp-content/uploads/2022/02/logo-Demex.png","contentUrl":"https://demex.lilyweb.fr/wp-content/uploads/2022/02/logo-Demex.png","width":145,"height":63,"caption":"DEMEX"},"image":{"@id":"https://www.demex.fr/et/#/schema/logo/image/"},"sameAs":["https://fr-fr.facebook.com/people/DEMEX-Potatoes-Vegetables/100071674261658/"]}]}</script>
<!-- / Yoast SEO plugin. -->

Päritolu : Prantsusmaa, Bretagne Kaliiber : Hulgimüük: 600/800g Keskmine: 350-520g Suurus: 14-18cm Suurus: 8-14cm Pakend : Polüstüreenist pakend 4/5/8 kg (glasuuritud brokkoli) Puidust kast 5 kg Kulinaarne aspekt : Brokkoli on eriti rikas C-vitamiini poolest. See on ka B9-vitamiini (või immuunsõbraliku foolhappe), A-provitamiini (või karotiini)...

Négoce-Conditionneur en Pommes de terre
